{"id":6699,"date":"2022-06-13T17:59:00","date_gmt":"2022-06-13T17:59:00","guid":{"rendered":"https:\/\/www.aromeprod2.com\/?post_type=product&#038;p=6699"},"modified":"2024-03-28T14:04:41","modified_gmt":"2024-03-28T14:04:41","slug":"ruebencremesuppe-mit-meerrettich","status":"publish","type":"product","link":"http:\/\/www.lesdelicesdeprovence.ch\/de\/produits\/ruebencremesuppe-mit-meerrettich\/","title":{"rendered":"R\u00fcbencremesuppe mit Meerrettich"},"content":{"rendered":"<p>Eine angenehme Textur und eine leicht senfartige Sch\u00e4rfe f\u00fcr einen sehr originellen Aperitif-Toast, der mit einer Sp\u00e4tlese oder einem Ros\u00e9-Champagner genossen werden kann.<\/p>\n<p>In der K\u00fcche zu Wild oder Gefl\u00fcgel.<\/p>\n<p><strong>Zutaten: Rote Bete (48%), Zwiebel, Meerrettich (9%), brauner Senf, Apfelessig, Oliven\u00f6l, Salz, Honig, Cornarom-Gew\u00fcrze, schwarzer Pfeffer.<\/strong><\/p>\n<p><strong>Inhalt: 90g<\/strong><\/p>\n<p>&nbsp;<\/p>\n","protected":false},"excerpt":{"rendered":"<p>Eine osteurop\u00e4ische Spezialit\u00e4t, die nach provenzalischer Art neu interpretiert wird.<\/p>\n<p>Ein sch\u00f6nes Duo zwischen der S\u00fc\u00dfe der Roten Bete und der Sch\u00e4rfe des Meerrettichs f\u00fcr eine originelle und leckere Aperitifso\u00dfe mit vollem Geschmack.<\/p>\n","protected":false},"featured_media":6695,"template":"","meta":[],"product_cat":[246],"product_tag":[],"class_list":{"0":"post-6699","1":"product","2":"type-product","3":"status-publish","4":"has-post-thumbnail","6":"product_cat-aperitif-saucen","8":"first","9":"outofstock","10":"taxable","11":"shipping-taxable","12":"purchasable","13":"product-type-simple"},"yoast_head":"<!-- This site is optimized with the Yoast SEO plugin v27.2 - https:\/\/yoast.com\/product\/yoast-seo-wordpress\/ -->\n<title>R\u00fcbencremesuppe mit Meerrettich<\/title>\n<meta name=\"description\" content=\"Ein sch\u00f6nes Duo zwischen der S\u00fc\u00dfe der Roten Bete und der Sch\u00e4rfe des Meerrettichs f\u00fcr eine originelle und leckere Aperitifso\u00dfe mit vollem Geschmack.\" \/>\n<meta name=\"robots\" content=\"index, follow, max-snippet:-1, max-image-preview:large, max-video-preview:-1\" \/>\n<link rel=\"canonical\" href=\"http:\/\/www.lesdelicesdeprovence.ch\/de\/produits\/ruebencremesuppe-mit-meerrettich\/\" \/>\n<meta property=\"og:locale\" content=\"de_DE\" \/>\n<meta property=\"og:type\" content=\"article\" \/>\n<meta property=\"og:title\" content=\"R\u00fcbencremesuppe mit Meerrettich\" \/>\n<meta property=\"og:description\" content=\"Ein sch\u00f6nes Duo zwischen der S\u00fc\u00dfe der Roten Bete und der Sch\u00e4rfe des Meerrettichs f\u00fcr eine originelle und leckere Aperitifso\u00dfe mit vollem Geschmack.\" \/>\n<meta property=\"og:url\" content=\"http:\/\/www.lesdelicesdeprovence.ch\/de\/produits\/ruebencremesuppe-mit-meerrettich\/\" \/>\n<meta property=\"og:site_name\" content=\"Les D\u00e9lices de Provence\" \/>\n<meta property=\"article:modified_time\" content=\"2024-03-28T14:04:41+00:00\" \/>\n<meta property=\"og:image\" content=\"http:\/\/www.lesdelicesdeprovence.ch\/wp-content\/uploads\/2022\/06\/IMG_6180-scaled.jpg\" \/>\n\t<meta property=\"og:image:width\" content=\"2303\" \/>\n\t<meta property=\"og:image:height\" content=\"2560\" \/>\n\t<meta property=\"og:image:type\" content=\"image\/jpeg\" \/>\n<meta name=\"twitter:card\" content=\"summary_large_image\" \/>\n<meta name=\"twitter:label1\" content=\"Gesch\u00e4tzte Lesezeit\" \/>\n\t<meta name=\"twitter:data1\" content=\"1\u00a0Minute\" \/>\n<script type=\"application\/ld+json\" class=\"yoast-schema-graph\">{\"@context\":\"https:\/\/schema.org\",\"@graph\":[{\"@type\":\"WebPage\",\"@id\":\"http:\/\/www.lesdelicesdeprovence.ch\/de\/produits\/ruebencremesuppe-mit-meerrettich\/\",\"url\":\"http:\/\/www.lesdelicesdeprovence.ch\/de\/produits\/ruebencremesuppe-mit-meerrettich\/\",\"name\":\"R\u00fcbencremesuppe mit Meerrettich\",\"isPartOf\":{\"@id\":\"https:\/\/www.lesdelicesdeprovence.ch\/de\/#website\"},\"primaryImageOfPage\":{\"@id\":\"http:\/\/www.lesdelicesdeprovence.ch\/de\/produits\/ruebencremesuppe-mit-meerrettich\/#primaryimage\"},\"image\":{\"@id\":\"http:\/\/www.lesdelicesdeprovence.ch\/de\/produits\/ruebencremesuppe-mit-meerrettich\/#primaryimage\"},\"thumbnailUrl\":\"http:\/\/www.lesdelicesdeprovence.ch\/wp-content\/uploads\/2022\/06\/IMG_6180-scaled.jpg\",\"datePublished\":\"2022-06-13T17:59:00+00:00\",\"dateModified\":\"2024-03-28T14:04:41+00:00\",\"description\":\"Ein sch\u00f6nes Duo zwischen der S\u00fc\u00dfe der Roten Bete und der Sch\u00e4rfe des Meerrettichs f\u00fcr eine originelle und leckere Aperitifso\u00dfe mit vollem Geschmack.\",\"breadcrumb\":{\"@id\":\"http:\/\/www.lesdelicesdeprovence.ch\/de\/produits\/ruebencremesuppe-mit-meerrettich\/#breadcrumb\"},\"inLanguage\":\"de\",\"potentialAction\":[{\"@type\":\"ReadAction\",\"target\":[\"http:\/\/www.lesdelicesdeprovence.ch\/de\/produits\/ruebencremesuppe-mit-meerrettich\/\"]}]},{\"@type\":\"ImageObject\",\"inLanguage\":\"de\",\"@id\":\"http:\/\/www.lesdelicesdeprovence.ch\/de\/produits\/ruebencremesuppe-mit-meerrettich\/#primaryimage\",\"url\":\"http:\/\/www.lesdelicesdeprovence.ch\/wp-content\/uploads\/2022\/06\/IMG_6180-scaled.jpg\",\"contentUrl\":\"http:\/\/www.lesdelicesdeprovence.ch\/wp-content\/uploads\/2022\/06\/IMG_6180-scaled.jpg\",\"width\":2303,\"height\":2560},{\"@type\":\"BreadcrumbList\",\"@id\":\"http:\/\/www.lesdelicesdeprovence.ch\/de\/produits\/ruebencremesuppe-mit-meerrettich\/#breadcrumb\",\"itemListElement\":[{\"@type\":\"ListItem\",\"position\":1,\"name\":\"Accoglienza\",\"item\":\"https:\/\/www.lesdelicesdeprovence.ch\/de\/\"},{\"@type\":\"ListItem\",\"position\":2,\"name\":\"Shop\",\"item\":\"https:\/\/www.lesdelicesdeprovence.ch\/de\/geschaeft\/\"},{\"@type\":\"ListItem\",\"position\":3,\"name\":\"R\u00fcbencremesuppe mit Meerrettich\"}]},{\"@type\":\"WebSite\",\"@id\":\"https:\/\/www.lesdelicesdeprovence.ch\/de\/#website\",\"url\":\"https:\/\/www.lesdelicesdeprovence.ch\/de\/\",\"name\":\"Les D\u00e9lices de Provence\",\"description\":\"Epicerie fine en ligne\",\"potentialAction\":[{\"@type\":\"SearchAction\",\"target\":{\"@type\":\"EntryPoint\",\"urlTemplate\":\"https:\/\/www.lesdelicesdeprovence.ch\/de\/?s={search_term_string}\"},\"query-input\":{\"@type\":\"PropertyValueSpecification\",\"valueRequired\":true,\"valueName\":\"search_term_string\"}}],\"inLanguage\":\"de\"}]}<\/script>\n<!-- \/ Yoast SEO plugin. -->","yoast_head_json":{"title":"R\u00fcbencremesuppe mit Meerrettich","description":"Ein sch\u00f6nes Duo zwischen der S\u00fc\u00dfe der Roten Bete und der Sch\u00e4rfe des Meerrettichs f\u00fcr eine originelle und leckere Aperitifso\u00dfe mit vollem Geschmack.","robots":{"index":"index","follow":"follow","max-snippet":"max-snippet:-1","max-image-preview":"max-image-preview:large","max-video-preview":"max-video-preview:-1"},"canonical":"http:\/\/www.lesdelicesdeprovence.ch\/de\/produits\/ruebencremesuppe-mit-meerrettich\/","og_locale":"de_DE","og_type":"article","og_title":"R\u00fcbencremesuppe mit Meerrettich","og_description":"Ein sch\u00f6nes Duo zwischen der S\u00fc\u00dfe der Roten Bete und der Sch\u00e4rfe des Meerrettichs f\u00fcr eine originelle und leckere Aperitifso\u00dfe mit vollem Geschmack.","og_url":"http:\/\/www.lesdelicesdeprovence.ch\/de\/produits\/ruebencremesuppe-mit-meerrettich\/","og_site_name":"Les D\u00e9lices de Provence","article_modified_time":"2024-03-28T14:04:41+00:00","og_image":[{"width":2303,"height":2560,"url":"http:\/\/www.lesdelicesdeprovence.ch\/wp-content\/uploads\/2022\/06\/IMG_6180-scaled.jpg","type":"image\/jpeg"}],"twitter_card":"summary_large_image","twitter_misc":{"Gesch\u00e4tzte Lesezeit":"1\u00a0Minute"},"schema":{"@context":"https:\/\/schema.org","@graph":[{"@type":"WebPage","@id":"http:\/\/www.lesdelicesdeprovence.ch\/de\/produits\/ruebencremesuppe-mit-meerrettich\/","url":"http:\/\/www.lesdelicesdeprovence.ch\/de\/produits\/ruebencremesuppe-mit-meerrettich\/","name":"R\u00fcbencremesuppe mit Meerrettich","isPartOf":{"@id":"https:\/\/www.lesdelicesdeprovence.ch\/de\/#website"},"primaryImageOfPage":{"@id":"http:\/\/www.lesdelicesdeprovence.ch\/de\/produits\/ruebencremesuppe-mit-meerrettich\/#primaryimage"},"image":{"@id":"http:\/\/www.lesdelicesdeprovence.ch\/de\/produits\/ruebencremesuppe-mit-meerrettich\/#primaryimage"},"thumbnailUrl":"http:\/\/www.lesdelicesdeprovence.ch\/wp-content\/uploads\/2022\/06\/IMG_6180-scaled.jpg","datePublished":"2022-06-13T17:59:00+00:00","dateModified":"2024-03-28T14:04:41+00:00","description":"Ein sch\u00f6nes Duo zwischen der S\u00fc\u00dfe der Roten Bete und der Sch\u00e4rfe des Meerrettichs f\u00fcr eine originelle und leckere Aperitifso\u00dfe mit vollem Geschmack.","breadcrumb":{"@id":"http:\/\/www.lesdelicesdeprovence.ch\/de\/produits\/ruebencremesuppe-mit-meerrettich\/#breadcrumb"},"inLanguage":"de","potentialAction":[{"@type":"ReadAction","target":["http:\/\/www.lesdelicesdeprovence.ch\/de\/produits\/ruebencremesuppe-mit-meerrettich\/"]}]},{"@type":"ImageObject","inLanguage":"de","@id":"http:\/\/www.lesdelicesdeprovence.ch\/de\/produits\/ruebencremesuppe-mit-meerrettich\/#primaryimage","url":"http:\/\/www.lesdelicesdeprovence.ch\/wp-content\/uploads\/2022\/06\/IMG_6180-scaled.jpg","contentUrl":"http:\/\/www.lesdelicesdeprovence.ch\/wp-content\/uploads\/2022\/06\/IMG_6180-scaled.jpg","width":2303,"height":2560},{"@type":"BreadcrumbList","@id":"http:\/\/www.lesdelicesdeprovence.ch\/de\/produits\/ruebencremesuppe-mit-meerrettich\/#breadcrumb","itemListElement":[{"@type":"ListItem","position":1,"name":"Accoglienza","item":"https:\/\/www.lesdelicesdeprovence.ch\/de\/"},{"@type":"ListItem","position":2,"name":"Shop","item":"https:\/\/www.lesdelicesdeprovence.ch\/de\/geschaeft\/"},{"@type":"ListItem","position":3,"name":"R\u00fcbencremesuppe mit Meerrettich"}]},{"@type":"WebSite","@id":"https:\/\/www.lesdelicesdeprovence.ch\/de\/#website","url":"https:\/\/www.lesdelicesdeprovence.ch\/de\/","name":"Les D\u00e9lices de Provence","description":"Epicerie fine en ligne","potentialAction":[{"@type":"SearchAction","target":{"@type":"EntryPoint","urlTemplate":"https:\/\/www.lesdelicesdeprovence.ch\/de\/?s={search_term_string}"},"query-input":{"@type":"PropertyValueSpecification","valueRequired":true,"valueName":"search_term_string"}}],"inLanguage":"de"}]}},"_links":{"self":[{"href":"http:\/\/www.lesdelicesdeprovence.ch\/de\/wp-json\/wp\/v2\/product\/6699","targetHints":{"allow":["GET"]}}],"collection":[{"href":"http:\/\/www.lesdelicesdeprovence.ch\/de\/wp-json\/wp\/v2\/product"}],"about":[{"href":"http:\/\/www.lesdelicesdeprovence.ch\/de\/wp-json\/wp\/v2\/types\/product"}],"version-history":[{"count":4,"href":"http:\/\/www.lesdelicesdeprovence.ch\/de\/wp-json\/wp\/v2\/product\/6699\/revisions"}],"predecessor-version":[{"id":12988,"href":"http:\/\/www.lesdelicesdeprovence.ch\/de\/wp-json\/wp\/v2\/product\/6699\/revisions\/12988"}],"wp:featuredmedia":[{"embeddable":true,"href":"http:\/\/www.lesdelicesdeprovence.ch\/de\/wp-json\/wp\/v2\/media\/6695"}],"wp:attachment":[{"href":"http:\/\/www.lesdelicesdeprovence.ch\/de\/wp-json\/wp\/v2\/media?parent=6699"}],"wp:term":[{"taxonomy":"product_cat","embeddable":true,"href":"http:\/\/www.lesdelicesdeprovence.ch\/de\/wp-json\/wp\/v2\/product_cat?post=6699"},{"taxonomy":"product_tag","embeddable":true,"href":"http:\/\/www.lesdelicesdeprovence.ch\/de\/wp-json\/wp\/v2\/product_tag?post=6699"}],"curies":[{"name":"wp","href":"https:\/\/api.w.org\/{rel}","templated":true}]}}

Rübencremesuppe mit Meerrettich

<p>Eine angenehme Textur und eine leicht senfartige Schärfe für einen sehr originellen Aperitif-Toast, der mit einer Spätlese oder einem Rosé-Champagner genossen werden kann.</p>
<p>In der Küche zu Wild oder Geflügel.</p>
<p><strong>Zutaten: Rote Bete (48%), Zwiebel, Meerrettich (9%), brauner Senf, Apfelessig, Olivenöl, Salz, Honig, Cornarom-Gewürze, schwarzer Pfeffer.</strong></p>
<p><strong>Inhalt: 90g</strong></p>
<p>&nbsp;</p>

<p>Eine osteuropäische Spezialität, die nach provenzalischer Art neu interpretiert wird.</p>
<p>Ein schönes Duo zwischen der Süße der Roten Bete und der Schärfe des Meerrettichs für eine originelle und leckere Aperitifsoße mit vollem Geschmack.</p>

<!-- This site is optimized with the Yoast SEO plugin v27.2 - https://yoast.com/product/yoast-seo-wordpress/ -->
<title>Rübencremesuppe mit Meerrettich</title>
<meta name="description" content="Ein schönes Duo zwischen der Süße der Roten Bete und der Schärfe des Meerrettichs für eine originelle und leckere Aperitifsoße mit vollem Geschmack." />
<meta name="robots" content="index, follow, max-snippet:-1, max-image-preview:large, max-video-preview:-1" />
<link rel="canonical" href="http://www.lesdelicesdeprovence.ch/de/produits/ruebencremesuppe-mit-meerrettich/" />
<meta property="og:locale" content="de_DE" />
<meta property="og:type" content="article" />
<meta property="og:title" content="Rübencremesuppe mit Meerrettich" />
<meta property="og:description" content="Ein schönes Duo zwischen der Süße der Roten Bete und der Schärfe des Meerrettichs für eine originelle und leckere Aperitifsoße mit vollem Geschmack." />
<meta property="og:url" content="http://www.lesdelicesdeprovence.ch/de/produits/ruebencremesuppe-mit-meerrettich/" />
<meta property="og:site_name" content="Les Délices de Provence" />
<meta property="article:modified_time" content="2024-03-28T14:04:41+00:00" />
<meta property="og:image" content="http://www.lesdelicesdeprovence.ch/wp-content/uploads/2022/06/IMG_6180-scaled.jpg" />
	<meta property="og:image:width" content="2303" />
	<meta property="og:image:height" content="2560" />
	<meta property="og:image:type" content="image/jpeg" />
<meta name="twitter:card" content="summary_large_image" />
<meta name="twitter:label1" content="Geschätzte Lesezeit" />
	<meta name="twitter:data1" content="1 Minute" />
<script type="application/ld+json" class="yoast-schema-graph">{"@context":"https://schema.org","@graph":[{"@type":"WebPage","@id":"http://www.lesdelicesdeprovence.ch/de/produits/ruebencremesuppe-mit-meerrettich/","url":"http://www.lesdelicesdeprovence.ch/de/produits/ruebencremesuppe-mit-meerrettich/","name":"Rübencremesuppe mit Meerrettich","isPartOf":{"@id":"https://www.lesdelicesdeprovence.ch/de/#website"},"primaryImageOfPage":{"@id":"http://www.lesdelicesdeprovence.ch/de/produits/ruebencremesuppe-mit-meerrettich/#primaryimage"},"image":{"@id":"http://www.lesdelicesdeprovence.ch/de/produits/ruebencremesuppe-mit-meerrettich/#primaryimage"},"thumbnailUrl":"http://www.lesdelicesdeprovence.ch/wp-content/uploads/2022/06/IMG_6180-scaled.jpg","datePublished":"2022-06-13T17:59:00+00:00","dateModified":"2024-03-28T14:04:41+00:00","description":"Ein schönes Duo zwischen der Süße der Roten Bete und der Schärfe des Meerrettichs für eine originelle und leckere Aperitifsoße mit vollem Geschmack.","breadcrumb":{"@id":"http://www.lesdelicesdeprovence.ch/de/produits/ruebencremesuppe-mit-meerrettich/#breadcrumb"},"inLanguage":"de","potentialAction":[{"@type":"ReadAction","target":["http://www.lesdelicesdeprovence.ch/de/produits/ruebencremesuppe-mit-meerrettich/"]}]},{"@type":"ImageObject","inLanguage":"de","@id":"http://www.lesdelicesdeprovence.ch/de/produits/ruebencremesuppe-mit-meerrettich/#primaryimage","url":"http://www.lesdelicesdeprovence.ch/wp-content/uploads/2022/06/IMG_6180-scaled.jpg","contentUrl":"http://www.lesdelicesdeprovence.ch/wp-content/uploads/2022/06/IMG_6180-scaled.jpg","width":2303,"height":2560},{"@type":"BreadcrumbList","@id":"http://www.lesdelicesdeprovence.ch/de/produits/ruebencremesuppe-mit-meerrettich/#breadcrumb","itemListElement":[{"@type":"ListItem","position":1,"name":"Accoglienza","item":"https://www.lesdelicesdeprovence.ch/de/"},{"@type":"ListItem","position":2,"name":"Shop","item":"https://www.lesdelicesdeprovence.ch/de/geschaeft/"},{"@type":"ListItem","position":3,"name":"Rübencremesuppe mit Meerrettich"}]},{"@type":"WebSite","@id":"https://www.lesdelicesdeprovence.ch/de/#website","url":"https://www.lesdelicesdeprovence.ch/de/","name":"Les Délices de Provence","description":"Epicerie fine en ligne","potentialAction":[{"@type":"SearchAction","target":{"@type":"EntryPoint","urlTemplate":"https://www.lesdelicesdeprovence.ch/de/?s={search_term_string}"},"query-input":{"@type":"PropertyValueSpecification","valueRequired":true,"valueName":"search_term_string"}}],"inLanguage":"de"}]}</script>
<!-- / Yoast SEO plugin. -->

Ein schönes Duo zwischen der Süße der Roten Bete und der Schärfe des Meerrettichs für eine originelle und leckere Aperitifsoße mit vollem Geschmack.

Les Délices de Provence
