{"id":7457,"date":"2022-09-01T09:57:15","date_gmt":"2022-09-01T09:57:15","guid":{"rendered":"https:\/\/www.aromeprod2.com\/?post_type=product&#038;p=7457"},"modified":"2022-09-26T15:53:38","modified_gmt":"2022-09-26T15:53:38","slug":"bio-gelee-royale","status":"publish","type":"product","link":"http:\/\/www.lesdelicesdeprovence.ch\/de\/produits\/bio-gelee-royale\/","title":{"rendered":"Bio Gelee Royale"},"content":{"rendered":"<p>Gelee Royal ist ein wenig bekanntes, aber ern\u00e4hrungsphysiologisch sehr interessantes Produkt. Im Bienenstock ist es die Nahrung der K\u00f6nigin, die in sehr kleinen Mengen gesammelt wird.<\/p>\n<p>Sein Reichtum an Fetts\u00e4uren mit antibakteriellen Eigenschaften und Vitaminen der B-Gruppe verleiht der K\u00f6nigin eine au\u00dfergew\u00f6hnliche Langlebigkeit &#8211; drei Jahre im Vergleich zu wenigen Wochen bei den Arbeiterinnen.<\/p>\n<p>Das Gel\u00e9e Royale wird nach der Qualit\u00e4tscharta des Groupement des producteurs de gel\u00e9e royale (GPGR) hergestellt und ist garantiert nicht gefroren, nicht verarbeitet und wird unter sehr bienenfreundlichen Bedingungen und mit strenger R\u00fcckverfolgbarkeit produziert.<\/p>\n<p>Ein Mini-L\u00f6ffel, den Sie jeden Morgen auf n\u00fcchternen Magen einnehmen, um Ihren Vitaminspeicher aufzuf\u00fcllen!<\/p>\n<p><strong>Inhalt: 10 g<\/strong><\/p>\n<p>&nbsp;<\/p>\n","protected":false},"excerpt":{"rendered":"<p>Dieses Gelee Royale mit seinen zahlreichen therapeutischen Eigenschaften wird von einer jungen Imkerin am Fu\u00dfe des Luberon-Gebirges gesammelt.<\/p>\n<p>Es tr\u00e4gt das G\u00fctesiegel &#8222;Agriculture Biologique&#8220; und wird nach der Qualit\u00e4tscharta &#8222;franz\u00f6sisches Gel\u00e9e Royale&#8220; hergestellt. Ein seltenes Produkt.<\/p>\n","protected":false},"featured_media":14513,"template":"","meta":[],"product_cat":[219],"product_tag":[],"class_list":{"0":"post-7457","1":"product","2":"type-product","3":"status-publish","4":"has-post-thumbnail","6":"product_cat-rund-um-den-bienenstock","8":"first","9":"outofstock","10":"taxable","11":"shipping-taxable","12":"purchasable","13":"product-type-simple"},"yoast_head":"<!-- This site is optimized with the Yoast SEO plugin v27.2 - https:\/\/yoast.com\/product\/yoast-seo-wordpress\/ -->\n<title>Bio Gelee Royale<\/title>\n<meta name=\"description\" content=\"Dieses Gelee Royale mit seinen zahlreichen therapeutischen Eigenschaften wird von einer jungen Imkerin am Fu\u00dfe des Luberon-Gebirges gesammelt.\" \/>\n<meta name=\"robots\" content=\"index, follow, max-snippet:-1, max-image-preview:large, max-video-preview:-1\" \/>\n<link rel=\"canonical\" href=\"http:\/\/www.lesdelicesdeprovence.ch\/de\/produits\/bio-gelee-royale\/\" \/>\n<meta property=\"og:locale\" content=\"de_DE\" \/>\n<meta property=\"og:type\" content=\"article\" \/>\n<meta property=\"og:title\" content=\"Bio Gelee Royale\" \/>\n<meta property=\"og:description\" content=\"Dieses Gelee Royale mit seinen zahlreichen therapeutischen Eigenschaften wird von einer jungen Imkerin am Fu\u00dfe des Luberon-Gebirges gesammelt.\" \/>\n<meta property=\"og:url\" content=\"http:\/\/www.lesdelicesdeprovence.ch\/de\/produits\/bio-gelee-royale\/\" \/>\n<meta property=\"og:site_name\" content=\"Les D\u00e9lices de Provence\" \/>\n<meta property=\"article:modified_time\" content=\"2022-09-26T15:53:38+00:00\" \/>\n<meta property=\"og:image\" content=\"https:\/\/www.lesdelicesdeprovence.ch\/wp-content\/uploads\/2022\/09\/IMG_0772-1-scaled.jpg\" \/>\n\t<meta property=\"og:image:width\" content=\"2257\" \/>\n\t<meta property=\"og:image:height\" content=\"2560\" \/>\n\t<meta property=\"og:image:type\" content=\"image\/jpeg\" \/>\n<meta name=\"twitter:card\" content=\"summary_large_image\" \/>\n<meta name=\"twitter:label1\" content=\"Gesch\u00e4tzte Lesezeit\" \/>\n\t<meta name=\"twitter:data1\" content=\"1\u00a0Minute\" \/>\n<script type=\"application\/ld+json\" class=\"yoast-schema-graph\">{\"@context\":\"https:\/\/schema.org\",\"@graph\":[{\"@type\":\"WebPage\",\"@id\":\"http:\/\/www.lesdelicesdeprovence.ch\/de\/produits\/bio-gelee-royale\/\",\"url\":\"http:\/\/www.lesdelicesdeprovence.ch\/de\/produits\/bio-gelee-royale\/\",\"name\":\"Bio Gelee Royale\",\"isPartOf\":{\"@id\":\"https:\/\/www.lesdelicesdeprovence.ch\/de\/#website\"},\"primaryImageOfPage\":{\"@id\":\"http:\/\/www.lesdelicesdeprovence.ch\/de\/produits\/bio-gelee-royale\/#primaryimage\"},\"image\":{\"@id\":\"http:\/\/www.lesdelicesdeprovence.ch\/de\/produits\/bio-gelee-royale\/#primaryimage\"},\"thumbnailUrl\":\"http:\/\/www.lesdelicesdeprovence.ch\/wp-content\/uploads\/2022\/09\/IMG_0772-1-scaled.jpg\",\"datePublished\":\"2022-09-01T09:57:15+00:00\",\"dateModified\":\"2022-09-26T15:53:38+00:00\",\"description\":\"Dieses Gelee Royale mit seinen zahlreichen therapeutischen Eigenschaften wird von einer jungen Imkerin am Fu\u00dfe des Luberon-Gebirges gesammelt.\",\"breadcrumb\":{\"@id\":\"http:\/\/www.lesdelicesdeprovence.ch\/de\/produits\/bio-gelee-royale\/#breadcrumb\"},\"inLanguage\":\"de\",\"potentialAction\":[{\"@type\":\"ReadAction\",\"target\":[\"http:\/\/www.lesdelicesdeprovence.ch\/de\/produits\/bio-gelee-royale\/\"]}]},{\"@type\":\"ImageObject\",\"inLanguage\":\"de\",\"@id\":\"http:\/\/www.lesdelicesdeprovence.ch\/de\/produits\/bio-gelee-royale\/#primaryimage\",\"url\":\"http:\/\/www.lesdelicesdeprovence.ch\/wp-content\/uploads\/2022\/09\/IMG_0772-1-scaled.jpg\",\"contentUrl\":\"http:\/\/www.lesdelicesdeprovence.ch\/wp-content\/uploads\/2022\/09\/IMG_0772-1-scaled.jpg\",\"width\":2257,\"height\":2560},{\"@type\":\"BreadcrumbList\",\"@id\":\"http:\/\/www.lesdelicesdeprovence.ch\/de\/produits\/bio-gelee-royale\/#breadcrumb\",\"itemListElement\":[{\"@type\":\"ListItem\",\"position\":1,\"name\":\"Accoglienza\",\"item\":\"https:\/\/www.lesdelicesdeprovence.ch\/de\/\"},{\"@type\":\"ListItem\",\"position\":2,\"name\":\"Shop\",\"item\":\"https:\/\/www.lesdelicesdeprovence.ch\/de\/geschaeft\/\"},{\"@type\":\"ListItem\",\"position\":3,\"name\":\"Bio Gelee Royale\"}]},{\"@type\":\"WebSite\",\"@id\":\"https:\/\/www.lesdelicesdeprovence.ch\/de\/#website\",\"url\":\"https:\/\/www.lesdelicesdeprovence.ch\/de\/\",\"name\":\"Les D\u00e9lices de Provence\",\"description\":\"Epicerie fine en ligne\",\"potentialAction\":[{\"@type\":\"SearchAction\",\"target\":{\"@type\":\"EntryPoint\",\"urlTemplate\":\"https:\/\/www.lesdelicesdeprovence.ch\/de\/?s={search_term_string}\"},\"query-input\":{\"@type\":\"PropertyValueSpecification\",\"valueRequired\":true,\"valueName\":\"search_term_string\"}}],\"inLanguage\":\"de\"}]}<\/script>\n<!-- \/ Yoast SEO plugin. -->","yoast_head_json":{"title":"Bio Gelee Royale","description":"Dieses Gelee Royale mit seinen zahlreichen therapeutischen Eigenschaften wird von einer jungen Imkerin am Fu\u00dfe des Luberon-Gebirges gesammelt.","robots":{"index":"index","follow":"follow","max-snippet":"max-snippet:-1","max-image-preview":"max-image-preview:large","max-video-preview":"max-video-preview:-1"},"canonical":"http:\/\/www.lesdelicesdeprovence.ch\/de\/produits\/bio-gelee-royale\/","og_locale":"de_DE","og_type":"article","og_title":"Bio Gelee Royale","og_description":"Dieses Gelee Royale mit seinen zahlreichen therapeutischen Eigenschaften wird von einer jungen Imkerin am Fu\u00dfe des Luberon-Gebirges gesammelt.","og_url":"http:\/\/www.lesdelicesdeprovence.ch\/de\/produits\/bio-gelee-royale\/","og_site_name":"Les D\u00e9lices de Provence","article_modified_time":"2022-09-26T15:53:38+00:00","og_image":[{"width":2257,"height":2560,"url":"https:\/\/www.lesdelicesdeprovence.ch\/wp-content\/uploads\/2022\/09\/IMG_0772-1-scaled.jpg","type":"image\/jpeg"}],"twitter_card":"summary_large_image","twitter_misc":{"Gesch\u00e4tzte Lesezeit":"1\u00a0Minute"},"schema":{"@context":"https:\/\/schema.org","@graph":[{"@type":"WebPage","@id":"http:\/\/www.lesdelicesdeprovence.ch\/de\/produits\/bio-gelee-royale\/","url":"http:\/\/www.lesdelicesdeprovence.ch\/de\/produits\/bio-gelee-royale\/","name":"Bio Gelee Royale","isPartOf":{"@id":"https:\/\/www.lesdelicesdeprovence.ch\/de\/#website"},"primaryImageOfPage":{"@id":"http:\/\/www.lesdelicesdeprovence.ch\/de\/produits\/bio-gelee-royale\/#primaryimage"},"image":{"@id":"http:\/\/www.lesdelicesdeprovence.ch\/de\/produits\/bio-gelee-royale\/#primaryimage"},"thumbnailUrl":"http:\/\/www.lesdelicesdeprovence.ch\/wp-content\/uploads\/2022\/09\/IMG_0772-1-scaled.jpg","datePublished":"2022-09-01T09:57:15+00:00","dateModified":"2022-09-26T15:53:38+00:00","description":"Dieses Gelee Royale mit seinen zahlreichen therapeutischen Eigenschaften wird von einer jungen Imkerin am Fu\u00dfe des Luberon-Gebirges gesammelt.","breadcrumb":{"@id":"http:\/\/www.lesdelicesdeprovence.ch\/de\/produits\/bio-gelee-royale\/#breadcrumb"},"inLanguage":"de","potentialAction":[{"@type":"ReadAction","target":["http:\/\/www.lesdelicesdeprovence.ch\/de\/produits\/bio-gelee-royale\/"]}]},{"@type":"ImageObject","inLanguage":"de","@id":"http:\/\/www.lesdelicesdeprovence.ch\/de\/produits\/bio-gelee-royale\/#primaryimage","url":"http:\/\/www.lesdelicesdeprovence.ch\/wp-content\/uploads\/2022\/09\/IMG_0772-1-scaled.jpg","contentUrl":"http:\/\/www.lesdelicesdeprovence.ch\/wp-content\/uploads\/2022\/09\/IMG_0772-1-scaled.jpg","width":2257,"height":2560},{"@type":"BreadcrumbList","@id":"http:\/\/www.lesdelicesdeprovence.ch\/de\/produits\/bio-gelee-royale\/#breadcrumb","itemListElement":[{"@type":"ListItem","position":1,"name":"Accoglienza","item":"https:\/\/www.lesdelicesdeprovence.ch\/de\/"},{"@type":"ListItem","position":2,"name":"Shop","item":"https:\/\/www.lesdelicesdeprovence.ch\/de\/geschaeft\/"},{"@type":"ListItem","position":3,"name":"Bio Gelee Royale"}]},{"@type":"WebSite","@id":"https:\/\/www.lesdelicesdeprovence.ch\/de\/#website","url":"https:\/\/www.lesdelicesdeprovence.ch\/de\/","name":"Les D\u00e9lices de Provence","description":"Epicerie fine en ligne","potentialAction":[{"@type":"SearchAction","target":{"@type":"EntryPoint","urlTemplate":"https:\/\/www.lesdelicesdeprovence.ch\/de\/?s={search_term_string}"},"query-input":{"@type":"PropertyValueSpecification","valueRequired":true,"valueName":"search_term_string"}}],"inLanguage":"de"}]}},"_links":{"self":[{"href":"http:\/\/www.lesdelicesdeprovence.ch\/de\/wp-json\/wp\/v2\/product\/7457","targetHints":{"allow":["GET"]}}],"collection":[{"href":"http:\/\/www.lesdelicesdeprovence.ch\/de\/wp-json\/wp\/v2\/product"}],"about":[{"href":"http:\/\/www.lesdelicesdeprovence.ch\/de\/wp-json\/wp\/v2\/types\/product"}],"version-history":[{"count":2,"href":"http:\/\/www.lesdelicesdeprovence.ch\/de\/wp-json\/wp\/v2\/product\/7457\/revisions"}],"predecessor-version":[{"id":8085,"href":"http:\/\/www.lesdelicesdeprovence.ch\/de\/wp-json\/wp\/v2\/product\/7457\/revisions\/8085"}],"wp:featuredmedia":[{"embeddable":true,"href":"http:\/\/www.lesdelicesdeprovence.ch\/de\/wp-json\/wp\/v2\/media\/14513"}],"wp:attachment":[{"href":"http:\/\/www.lesdelicesdeprovence.ch\/de\/wp-json\/wp\/v2\/media?parent=7457"}],"wp:term":[{"taxonomy":"product_cat","embeddable":true,"href":"http:\/\/www.lesdelicesdeprovence.ch\/de\/wp-json\/wp\/v2\/product_cat?post=7457"},{"taxonomy":"product_tag","embeddable":true,"href":"http:\/\/www.lesdelicesdeprovence.ch\/de\/wp-json\/wp\/v2\/product_tag?post=7457"}],"curies":[{"name":"wp","href":"https:\/\/api.w.org\/{rel}","templated":true}]}}

<p>Gelee Royal ist ein wenig bekanntes, aber ernährungsphysiologisch sehr interessantes Produkt. Im Bienenstock ist es die Nahrung der Königin, die in sehr kleinen Mengen gesammelt wird.</p>
<p>Sein Reichtum an Fettsäuren mit antibakteriellen Eigenschaften und Vitaminen der B-Gruppe verleiht der Königin eine außergewöhnliche Langlebigkeit &#8211; drei Jahre im Vergleich zu wenigen Wochen bei den Arbeiterinnen.</p>
<p>Das Gelée Royale wird nach der Qualitätscharta des Groupement des producteurs de gelée royale (GPGR) hergestellt und ist garantiert nicht gefroren, nicht verarbeitet und wird unter sehr bienenfreundlichen Bedingungen und mit strenger Rückverfolgbarkeit produziert.</p>
<p>Ein Mini-Löffel, den Sie jeden Morgen auf nüchternen Magen einnehmen, um Ihren Vitaminspeicher aufzufüllen!</p>
<p><strong>Inhalt: 10 g</strong></p>
<p>&nbsp;</p>

<p>Dieses Gelee Royale mit seinen zahlreichen therapeutischen Eigenschaften wird von einer jungen Imkerin am Fuße des Luberon-Gebirges gesammelt.</p>
<p>Es trägt das Gütesiegel &#8222;Agriculture Biologique&#8220; und wird nach der Qualitätscharta &#8222;französisches Gelée Royale&#8220; hergestellt. Ein seltenes Produkt.</p>

<!-- This site is optimized with the Yoast SEO plugin v27.2 - https://yoast.com/product/yoast-seo-wordpress/ -->
<title>Bio Gelee Royale</title>
<meta name="description" content="Dieses Gelee Royale mit seinen zahlreichen therapeutischen Eigenschaften wird von einer jungen Imkerin am Fuße des Luberon-Gebirges gesammelt." />
<meta name="robots" content="index, follow, max-snippet:-1, max-image-preview:large, max-video-preview:-1" />
<link rel="canonical" href="http://www.lesdelicesdeprovence.ch/de/produits/bio-gelee-royale/" />
<meta property="og:locale" content="de_DE" />
<meta property="og:type" content="article" />
<meta property="og:title" content="Bio Gelee Royale" />
<meta property="og:description" content="Dieses Gelee Royale mit seinen zahlreichen therapeutischen Eigenschaften wird von einer jungen Imkerin am Fuße des Luberon-Gebirges gesammelt." />
<meta property="og:url" content="http://www.lesdelicesdeprovence.ch/de/produits/bio-gelee-royale/" />
<meta property="og:site_name" content="Les Délices de Provence" />
<meta property="article:modified_time" content="2022-09-26T15:53:38+00:00" />
<meta property="og:image" content="https://www.lesdelicesdeprovence.ch/wp-content/uploads/2022/09/IMG_0772-1-scaled.jpg" />
	<meta property="og:image:width" content="2257" />
	<meta property="og:image:height" content="2560" />
	<meta property="og:image:type" content="image/jpeg" />
<meta name="twitter:card" content="summary_large_image" />
<meta name="twitter:label1" content="Geschätzte Lesezeit" />
	<meta name="twitter:data1" content="1 Minute" />
<script type="application/ld+json" class="yoast-schema-graph">{"@context":"https://schema.org","@graph":[{"@type":"WebPage","@id":"http://www.lesdelicesdeprovence.ch/de/produits/bio-gelee-royale/","url":"http://www.lesdelicesdeprovence.ch/de/produits/bio-gelee-royale/","name":"Bio Gelee Royale","isPartOf":{"@id":"https://www.lesdelicesdeprovence.ch/de/#website"},"primaryImageOfPage":{"@id":"http://www.lesdelicesdeprovence.ch/de/produits/bio-gelee-royale/#primaryimage"},"image":{"@id":"http://www.lesdelicesdeprovence.ch/de/produits/bio-gelee-royale/#primaryimage"},"thumbnailUrl":"http://www.lesdelicesdeprovence.ch/wp-content/uploads/2022/09/IMG_0772-1-scaled.jpg","datePublished":"2022-09-01T09:57:15+00:00","dateModified":"2022-09-26T15:53:38+00:00","description":"Dieses Gelee Royale mit seinen zahlreichen therapeutischen Eigenschaften wird von einer jungen Imkerin am Fuße des Luberon-Gebirges gesammelt.","breadcrumb":{"@id":"http://www.lesdelicesdeprovence.ch/de/produits/bio-gelee-royale/#breadcrumb"},"inLanguage":"de","potentialAction":[{"@type":"ReadAction","target":["http://www.lesdelicesdeprovence.ch/de/produits/bio-gelee-royale/"]}]},{"@type":"ImageObject","inLanguage":"de","@id":"http://www.lesdelicesdeprovence.ch/de/produits/bio-gelee-royale/#primaryimage","url":"http://www.lesdelicesdeprovence.ch/wp-content/uploads/2022/09/IMG_0772-1-scaled.jpg","contentUrl":"http://www.lesdelicesdeprovence.ch/wp-content/uploads/2022/09/IMG_0772-1-scaled.jpg","width":2257,"height":2560},{"@type":"BreadcrumbList","@id":"http://www.lesdelicesdeprovence.ch/de/produits/bio-gelee-royale/#breadcrumb","itemListElement":[{"@type":"ListItem","position":1,"name":"Accoglienza","item":"https://www.lesdelicesdeprovence.ch/de/"},{"@type":"ListItem","position":2,"name":"Shop","item":"https://www.lesdelicesdeprovence.ch/de/geschaeft/"},{"@type":"ListItem","position":3,"name":"Bio Gelee Royale"}]},{"@type":"WebSite","@id":"https://www.lesdelicesdeprovence.ch/de/#website","url":"https://www.lesdelicesdeprovence.ch/de/","name":"Les Délices de Provence","description":"Epicerie fine en ligne","potentialAction":[{"@type":"SearchAction","target":{"@type":"EntryPoint","urlTemplate":"https://www.lesdelicesdeprovence.ch/de/?s={search_term_string}"},"query-input":{"@type":"PropertyValueSpecification","valueRequired":true,"valueName":"search_term_string"}}],"inLanguage":"de"}]}</script>
<!-- / Yoast SEO plugin. -->

Dieses Gelee Royale mit seinen zahlreichen therapeutischen Eigenschaften wird von einer jungen Imkerin am Fuße des Luberon-Gebirges gesammelt.

Les Délices de Provence
